 1575 and 19773810.
315
Calculate the highest common factor of 9936 and 9459936.
432
What is the greatest common divisor of 13918736 and 3328?
208
What is the highest common divisor of 58807 and 1361233?
271
What is the highest common factor of 15817555 and 11?
1
Calculate the highest common factor of 5494 and 265990.
134
Calculate the highest common factor of 868427 and 27713.
259
What is the highest common divisor of 14685246 and 2312?
578
Calculate the greatest common factor of 19046 and 6139446.
214
Calculate the highest common divisor of 1211394 and 8677659.
5997
What is the highest common factor of 1191 and 114237?
3
What is the greatest common factor of 3945180 and 878572?
5596
Calculate the highest common factor of 56336688 and 162.
54
Calculate the greatest common factor of 17420205 and 1065.
1065
What is the greatest common factor of 168 and 109730028?
12
Calculate the highest common factor of 655 and 619838945.
655
Calculate the highest common divisor of 215810550 and 2935.
2935
Calculate the highest common factor of 2474 and 641.
1
Calculate the highest common factor of 629 and 6130234.
629
What is the greatest common divisor of 271058 and 445557?
433
What is the highest common factor of 10327471 and 38962?
847
What is the highest common divisor of 248 and 39597695?
31
Calculate the greatest common factor of 13 and 40984177.
13
What is the highest common divisor of 4677 and 61563351?
4677
Calculate the greatest common divisor of 7918928 and 96.
16
Calculate the greatest common divisor of 1068 and 7605762.
534
Calculate the highest common divisor of 41286674 and 1198.
1198
Calculate the greatest common divisor of 204467 and 287.
41
What is the greatest common factor of 340185 and 660?
15
What is the highest common divisor of 23747319 and 571?
571
Calculate the highest common factor of 729 and 39540.
3
Calculate the greatest common divisor of 10864 and 45784.
776
Calculate the greatest common factor of 4395 and 13825205.
1465
Calculate the greatest common divisor of 1919 and 1767.
19
What is the highest common factor of 10499736 and 23944?
584
What is the greatest common factor of 150 and 4197120?
30
What is the highest common factor of 1884 and 157053066?
942
What is the highest common divisor of 33155 and 1009657?
349
Calculate the highest common factor of 51823010 and 5748.
958
What is the greatest common divisor of 4847399 and 5027?
457
What is the greatest common divisor of 2775 and 1326425025?
2775
What is the highest common factor of 2306332 and 69286?
686
Calculate the greatest common divisor of 45 and 254011605.
15
What is the greatest common factor of 1546110 and 13408?
838
What is the greatest common divisor of 804 and 1754596?
268
What is the greatest common divisor of 142595756 and 8380?
1676
What is the highest common divisor of 12694120 and 1280?
40
What is the greatest common factor of 789950 and 25?
25
What is the highest common factor of 101100 and 572?
4
What is the highest common divisor of 85320336 and 912?
912
Calculate the highest common divisor of 19712 and 640332.
308
What is the greatest common factor of 14390803 and 49?
7
Calculate the highest common factor of 215124 and 869148.
84
Calculate the highest common factor of 59644 and 4204096.
1612
What is the greatest common factor of 697037 and 1496?
11
What is the highest common divisor of 2468089 and 494?
13
Calculate the highest common factor of 109544620 and 46453.
4223
Calculate the greatest common divisor of 7364 and 31934.
14
What is the highest common divisor of 1208 and 14732164?
604
Calculate the greatest common factor of 91643 and 54337.
811
Calculate the highest common divisor of 312 and 105197928.
24
What is the highest common factor of 3183 and 170735059?
1061
Calculate the highest common divisor of 1608 and 1367403.
201
What is the greatest common divisor of 56154 and 19266170?
2674
Calculate the highest common factor of 905 and 549878.
181
Calculate the greatest common divisor of 1800 and 78990525.
225
Calculate the greatest common divisor of 22461226 and 214.
214
Calculate the greatest common divisor of 22001 and 2861926.
449
Calculate the greatest common divisor of 678 and 25322170.
226
Calculate the highest common factor of 168 and 544849256.
56
Calculate the greatest common factor of 1946 and 83111714.
1946
Calculate the highest common divisor of 1057495109 and 991.
991
What is the highest common factor of 1396605 and 31413?
849
Calculate the greatest common factor of 3845 and 23540.
5
What is the highest common divisor of 933793 and 748?
17
Calculate the greatest common factor of 1512140 and 460.
20
Calculate the highest common divisor of 41265 and 72990.
45
What is the highest common divisor of 1020 and 4285275?
255
Calculate the greatest common factor of 2090348 and 221.
13
Calculate the greatest common divisor of 72 and 20336067.
9
Calculate the highest common factor of 45 and 18043.
1
What is the highest common factor of 413 and 218946?
7
What is the greatest common divisor of 159388923 and 3067?
3067
What is the greatest common divisor of 274 and 55099893?
137
What is the highest common divisor of 115751622 and 1029?
147
What is the greatest common divisor of 6651360 and 450?
90
What is the highest common divisor of 774 and 8635905?
387
Calculate the highest common factor of 40774526 and 26.
26
What is the highest common divisor of 15615502 and 1002?
334
What is the greatest common factor of 1714 and 56000665?
857
What is the highest common factor of 25180492 and 2596?
236
Calculate the greatest common divisor of 25383666 and 308.
154
What is the highest common divisor of 113 and 477667837?
113
Calculate the highest common factor of 19 and 14430557.
19
Calculate the highest common factor of 2650 and 4073150.
50
What is the greatest common factor of 770 and 18009200?
110
Calculate the highest common factor of 2303657761 and 2879.
2879
What is the greatest common factor of 108430360 and 20?
20
Calculate the highest common factor of 2074617 and 36.
9
Calculate the greatest common factor of 441 and 285196779.
63
Calculate the highest common divisor of 164625 and 51405.
15
What is the greatest common divisor of 52528 and 681926?
938
What is the highest common factor of 1224 and 11480661?
153
Calculate the greatest common divisor of 34 and 196465447.
17
What is the highest common divisor of 75085 and 8185?
5
What is the greatest common factor of 426349220 and 12925?
2585
What is the highest common divisor of 513202 and 9316?
274
Calculate the highest common factor of 630 and 1454640.
30
Calculate the greatest common divisor of 71720 and 52580.
220
Calculate the greatest common divisor of 16 and 5101168.
16
What is the greatest common factor of 9108 and 9799416?
396
Calculate the greatest common divisor of 106463 and 4932256.
1589
What is the greatest common factor of 128458000 and 560?
80
What is the greatest common divisor of 271059968 and 184?
184
Calculate the greatest common factor of 17301 and 49296316.
5767
Calculate the greatest common factor of 12 and 1182957.
3
What is the greatest common factor of 422662995 and 933?
933
Calculate the greatest common divisor of 125158705 and 455.
35
Calculate the greatest common divisor of 957 and 1299287.
319
What is the greatest common divisor of 2236 and 1339020?
172
Calculate the greatest common factor of 127361 and 18431894.
1313
Calculate the highest common factor of 908 and 7834905.
227
What is the greatest common divisor of 480 and 15115840?
160
Calculate the greatest common divisor of 4484262 and 528.
6
Calculate the highest common factor of 14400 and 4145472.
576
Calculate the highest common factor of 48 and 1458476568.
24
What is the highest common divisor of 37161 and 8361?
9
Calculate the highest common divisor of 31658 and 1759897.
1439
What is the highest common factor of 1704 and 46104?
24
What is the highest common factor of 188 and 245716470?
94
What is the greatest common divisor of 3 and 81594618?
3
What is the highest common divisor of 1441400 and 5200?
200
Calculate the highest common factor of 91484 and 49.
1
What is the greatest common factor of 2342 and 206660422?
2342
Calculate the greatest common factor of 68032392 and 256.
8
Calculate the greatest common factor of 1